{"id":756,"date":"2020-03-25T14:23:48","date_gmt":"2020-03-25T13:23:48","guid":{"rendered":"http:\/\/www.suevia-graz.at\/?page_id=756"},"modified":"2020-03-25T14:23:49","modified_gmt":"2020-03-25T13:23:49","slug":"dachverband","status":"publish","type":"page","link":"http:\/\/www.suevia-graz.at\/?page_id=756","title":{"rendered":"Dachverband"},"content":{"rendered":"\n<p>Der \u00d6sterreichische Penn\u00e4ler Ring (\u00d6PR) ist der Dachverband von ca. 190 Sch\u00fclerverbindungen in ganz \u00d6sterreich, von denen derzeit rund  60 aktiv sind. Innerhalb des Verbandes hat jede Mitgliedsverbindung eine hohe Eigenst\u00e4ndigkeit. Der Begriff Penn\u00e4ler ist vom Begriff Pennal  abgeleitet und bezieht sich auf eine ehemalige Schulform.<\/p>\n\n\n\n<p>Die Gemeinsamkeit der Verbindungen des \u00d6PR besteht im Wesentlichen aus drei Bereichen: national-liberale Grunds\u00e4tze, gemeinsame  studentische Traditionen und ein einheitliches Erscheinungsbild (alle Verbindungen haben \u00e4hnliche Abzeichen und Organisationsformen) sowie das Bekenntnis zur pennalen Mensur, die als Erweiterung des geistigen und k\u00f6rperlichen Horizonts angesehen wird.<\/p>\n\n\n\n<p>Quelle und weiterf\u00fchrende Informationen auf Wikipedia:<br \/><a rel=\"noreferrer noopener\" href=\"http:\/\/de.wikipedia.org\/wiki\/\u00d6sterreichischer_Penn\u00e4ler_Ring\" target=\"_blank\">http:\/\/de.wikipedia.org\/wiki\/\u00d6sterreichischer_Penn\u00e4ler_Ring<\/a><\/p>\n","protected":false},"excerpt":{"rendered":"<p>Der \u00d6sterreichische Penn\u00e4ler Ring (\u00d6PR) ist der Dachverband von ca. 190 Sch\u00fclerverbindungen in ganz \u00d6sterreich, von denen derzeit rund 60 aktiv sind. Innerhalb des Verbandes hat jede Mitgliedsverbindung eine hohe [&hellip;]<\/p>\n","protected":false},"author":1,"featured_media":0,"parent":0,"menu_order":0,"comment_status":"closed","ping_status":"closed","template":"","meta":{"ngg_post_thumbnail":0,"footnotes":""},"class_list":["post-756","page","type-page","status-publish","hentry"],"aioseo_notices":[],"_links":{"self":[{"href":"http:\/\/www.suevia-graz.at\/index.php?rest_route=\/wp\/v2\/pages\/756","targetHints":{"allow":["GET"]}}],"collection":[{"href":"http:\/\/www.suevia-graz.at\/index.php?rest_route=\/wp\/v2\/pages"}],"about":[{"href":"http:\/\/www.suevia-graz.at\/index.php?rest_route=\/wp\/v2\/types\/page"}],"author":[{"embeddable":true,"href":"http:\/\/www.suevia-graz.at\/index.php?rest_route=\/wp\/v2\/users\/1"}],"replies":[{"embeddable":true,"href":"http:\/\/www.suevia-graz.at\/index.php?rest_route=%2Fwp%2Fv2%2Fcomments&post=756"}],"version-history":[{"count":0,"href":"http:\/\/www.suevia-graz.at\/index.php?rest_route=\/wp\/v2\/pages\/756\/revisions"}],"wp:attachment":[{"href":"http:\/\/www.suevia-graz.at\/index.php?rest_route=%2Fwp%2Fv2%2Fmedia&parent=756"}],"curies":[{"name":"wp","href":"https:\/\/api.w.org\/{rel}","templated":true}]}}