{"id":789,"date":"2022-09-17T13:30:28","date_gmt":"2022-09-17T11:30:28","guid":{"rendered":"http:\/\/www.suevia-graz.at\/?post_type=tribe_events&#038;p=789"},"modified":"2022-09-17T13:30:28","modified_gmt":"2022-09-17T11:30:28","slug":"90-jaehriges-huettenjubilaeum","status":"publish","type":"tribe_events","link":"http:\/\/www.suevia-graz.at\/?tribe_events=90-jaehriges-huettenjubilaeum","title":{"rendered":"90-j\u00e4hriges H\u00fcttenjubil\u00e4um"},"content":{"rendered":"","protected":false},"excerpt":{"rendered":"","protected":false},"author":1,"featured_media":0,"template":"","meta":{"ngg_post_thumbnail":0,"_tribe_events_status":"","_tribe_events_status_reason":"","footnotes":""},"tags":[],"tribe_events_cat":[],"class_list":["post-789","tribe_events","type-tribe_events","status-publish","hentry"],"aioseo_notices":[],"_links":{"self":[{"href":"http:\/\/www.suevia-graz.at\/index.php?rest_route=\/wp\/v2\/tribe_events\/789","targetHints":{"allow":["GET"]}}],"collection":[{"href":"http:\/\/www.suevia-graz.at\/index.php?rest_route=\/wp\/v2\/tribe_events"}],"about":[{"href":"http:\/\/www.suevia-graz.at\/index.php?rest_route=\/wp\/v2\/types\/tribe_events"}],"author":[{"embeddable":true,"href":"http:\/\/www.suevia-graz.at\/index.php?rest_route=\/wp\/v2\/users\/1"}],"version-history":[{"count":1,"href":"http:\/\/www.suevia-graz.at\/index.php?rest_route=\/wp\/v2\/tribe_events\/789\/revisions"}],"predecessor-version":[{"id":790,"href":"http:\/\/www.suevia-graz.at\/index.php?rest_route=\/wp\/v2\/tribe_events\/789\/revisions\/790"}],"wp:attachment":[{"href":"http:\/\/www.suevia-graz.at\/index.php?rest_route=%2Fwp%2Fv2%2Fmedia&parent=789"}],"wp:term":[{"taxonomy":"post_tag","embeddable":true,"href":"http:\/\/www.suevia-graz.at\/index.php?rest_route=%2Fwp%2Fv2%2Ftags&post=789"},{"taxonomy":"tribe_events_cat","embeddable":true,"href":"http:\/\/www.suevia-graz.at\/index.php?rest_route=%2Fwp%2Fv2%2Ftribe_events_cat&post=789"}],"curies":[{"name":"wp","href":"https:\/\/api.w.org\/{rel}","templated":true}]}}

90-jähriges Hüttenjubiläum
